mmon divisor of 120 and d?
40
Suppose z - 1 = 3. Suppose z = p - 2. Calculate the greatest common factor of 48 and p.
6
Let t = 131 - 117. Calculate the greatest common factor of t and 14.
14
Let s(z) = 2*z**2 - 3*z - 1. Let k be s(-2). Let p be -3 + 4 + -8 + 1. Let t(u) = -19*u + 3. Let j be t(p). What is the greatest common divisor of k and j?
13
Let o be (-4)/6 + (-106)/(-6). Let w = 35 - o. Let g be 52/9 + 4/w. Calculate the highest common divisor of g and 42.
6
Let j(x) = -21*x + 7. Let m be j(-5). Calculate the highest common divisor of 16 and m.
16
Let z = 75 - 53. Suppose -2*o = 5*u - z - 36, -5*u = -3*o - 38. Calculate the greatest common factor of u and 30.
10
Let p = 23 - -2. Calculate the highest common factor of p and 5.
5
Suppose -6*y + 13*y - 294 = 0. Calculate the highest common factor of y and 6.
6
Let z = 7 + -4. Suppose 164 = z*v + b, 4*b - 60 = -v + b. Calculate the greatest common divisor of 27 and v.
27
Let a(k) = 3*k - 29. Let g be a(13). What is the highest common factor of g and 25?
5
Suppose 0 = a - 2*a - 1. Let b be a*1 + 213 + -2. Calculate the highest common divisor of b and 21.
21
Let q be 3 - (-1 - -3) - -17. What is the highest common factor of 12 and q?
6
Let h be (-5 - 0)*(-4)/10. Let p be 30*(h - (-4)/(-3)). Let i(b) = b**2 - 4*b + 3. Let u be i(5). What is the greatest common factor of u and p?
4
Let x = 62 + -34. Let n = x + 17. Suppose -4*o + o = -n. What is the greatest common divisor of o and 3?
3
Let a(l) = -241*l + 1. Let o be a(-1). What is the greatest common factor of o and 22?
22
Let l be (-5)/((-3)/12*2). Let g be (-96)/(-10) + 4/l. Let x(b) = -b**2 + 8*b + 8. Let k be x(6). Calculate the highest common divisor of k and g.
10
Let u be 3/(-1) - 50/(-1). Let y = u - -33. What is the greatest common factor of 20 and y?
20
Suppose -3*h - 1 = -10. Let f be (26 - 2)*h/4. What is the highest common factor of 45 and f?
9
Let s(d) = 7*d**2 - 22*d + 4. Let j be s(4). Calculate the greatest common divisor of j and 8.
4
Let r be 6/(-15) - 81/(-15). Suppose 5*x = -3*c + 4*c - 28, r*x + 40 = 5*c. Calculate the highest common factor of c and 6.
3
Let l = 29 - 9. Let w = l + -12. Let n = 8 - 0. Calculate the greatest common factor of n and w.
8
Suppose 0 = -5*o + 2*z + 60, -5*z + 3 + 22 = 5*o. What is the highest common divisor of o and 5?
5
Let q be ((-2)/4)/(1/2). Let z(i) = -6*i. Let r be z(q). Let w = r - -2. What is the highest common divisor of w and 64?
8
Suppose 0 = -5*c + 13 - 53. Let m = c - -22. Suppose -13 = -5*u - 3*g + 51, 2*u = 3*g + 34. What is the greatest common factor of u and m?
14
Let o = 172 + -100. Calculate the highest common factor of 9 and o.
9
Suppose -3*c = 5 - 14, -4*i + 132 = 4*c. Let y = i + -15. Let g(h) = h**3 - h**2 + 6*h - 10. Let n be g(5). What is the highest common factor of y and n?
15
Let t(o) = -o**2 + 11*o + 2. Let j(n) = -2*n - 8. Let w be j(-6). Let h = w + 7. Let q be t(h). Calculate the greatest common factor of q and 18.
2
Let v = 51 - 23. Calculate the greatest common factor of v and 70.
14
Let z(g) = 5*g**2 + 3*g - 5. Let q be z(5). Let b be (-29)/(-1)*1 - 2. What is the greatest common factor of b and q?
27
Suppose -84 = -4*g + 72. Suppose -2*j + 5 = -g. Calculate the greatest common divisor of 2 and j.
2
Let n be 17/3 + 2/(-3). Suppose -n*q + 4*i + 646 = -0*q, 3*q + 2*i = 370. Calculate the highest common factor of 14 and q.
14
Suppose -8*j = -575 - 105. What is the highest common factor of 17 and j?
17
Let a(x) = x**3 - x**2 - x - 1. Let n be a(2). Suppose -1 = -2*i + m - 0, 0 = 5*i + m - 20. What is the highest common divisor of i and n?
1
Let k = 36 - 32. Calculate the greatest common divisor of 10 and k.
2
Let n(q) = q**3 - 7*q**2 + q - 3. Let l be n(7). Suppose 6 = 5*r - l. Calculate the highest common divisor of r and 3.
1
Suppose u - b = -0*b + 1, -4*b = -2*u - 6. Suppose -4*n + 15 = 3*q, -2*q + u = -n + 6. What is the highest common divisor of 8 and q?
1
Let v(s) = -s**2 + 8*s - 6. Let j be v(5). What is the greatest common factor of 9 and j?
9
Suppose 0 = 3*u - 5*p - 294 - 76, 5*p = -u + 150. Let b be (-1)/(-3) - u/(-6). What is the highest common divisor of b and 44?
22
Let n(m) = 55*m**2 - 2*m - 2. Let g be n(-1). Suppose -3*d = 2*d - 110. Calculate the greatest common factor of g and d.
11
Let i = 1 - -7. Suppose 0 = -6*t + 4*t + 270. Let h = t - 63. What is the greatest common divisor of i and h?
8
Let h be 9/((-18)/(-52)) + 2. Suppose 0 = -3*x + 3*s + 666, -s + 1 = -2*s. Let j = -151 + x. What is the highest common factor of j and h?
14
Suppose -q = 5*k + 3*q - 5, 0 = k - 4*q - 1. Calculate the highest common divisor of k and 1.
1
Suppose -3*u - 8 = -2*q, 2*u + 10 = 3*q - 2. Let t = 0 - u. Let v(b) = -b + 12. Let z be v(t). What is the greatest common divisor of z and 132?
12
Let x = 35 - 25. Suppose -3 = -5*i + 4*j - 22, -5*j = 5*i + 10. Let k(r) = 9*r**2 + 4*r + 1. Let y be k(i). Calculate the greatest common factor of y and x.
10
Let f be (-1)/(-3 - 14/(-4)). Let w be (f/(-6))/((-1)/(-21)). Let n = -44 + 93. Calculate the greatest common divisor of w and n.
7
Let u(i) = -i**3 + 4*i**2 + 9*i - 2. Let j be u(5). Calculate the highest common divisor of 30 and j.
6
Let t be -39*(55/15)/(-1). What is the greatest common divisor of 13 and t?
13
Let n = 31 + -19. Calculate the greatest common factor of n and 108.
12
Let v(k) = 4*k**2 - k**2 + 10*k - 4*k**2 + 1 + 1. Let b be v(10). Suppose -8 = -4*w, 5*t + 0*w = -2*w + 84. Calculate the greatest common factor of t and b.
2
Let z be 2/3 + 416/6. Let b = -17 - -31. What is the greatest common divisor of z and b?
14
Suppose 4*s - 714 = 5*j, 237 = s - 5*j + 51. What is the highest common factor of 22 and s?
22
Let n = -3 + 8. Suppose n*z - 108 = 12. What is the highest common divisor of z and 6?
6
Suppose -5*v - 3*y = 3, v - 2*y = 2*y - 19. Let f(g) = 0 - 1 - 6*g - 11*g - 2*g. Let q be f(v). Calculate the greatest common divisor of q and 8.
8
Let r be -1 + 143 + 1/1. Let c = -482 + 495. What is the highest common factor of c and r?
13
Suppose 2*q - 5*q - 871 = -5*r, -2*r - 3*q = -361. Let x be ((-1)/2)/((-1)/r). Let a = 15 + -4. Calculate the highest common factor of a and x.
11
Let m = 13 - 8. Suppose 4*j = -g + 15, -2*j + 3 = -j. Suppose 0 = -4*b + g*b + 2. What is the greatest common divisor of m and b?
1
Let i(m) = 5*m**2 - m. Let b be i(1). Suppose -44*f + 42*f = -64. Calculate the greatest common divisor of f and b.
4
Let c(y) be the third derivative of y**5/30 - y**4/24 + 5*y**2. Let z be c(1). Calculate the highest common divisor of z and 3.
1
Let d(z) = z + 2. Let h be d(3). Suppose -2*u - 4*p + 393 = 9, 960 = h*u - 2*p. What is the greatest common divisor of 24 and u?
24
Let y(l) = 36*l - 15. Let t(n) = -7*n + 3. Let g(h) = -21*t(h) - 4*y(h). Let i be g(13). Calculate the greatest common divisor of i and 18.
18
Let w be -4 + 2 + 2 + 13. Let j = 10 - -2. Suppose x - 1 = j. What is the greatest common factor of x and w?
13
Let p be 2/2 - (-3 - 2). Suppose 4*a = -4, -3*a = 2*f + p - 63. Calculate the highest common factor of 6 and f.
6
Let d = 184 - 84. Let l = -50 + d. Let x(w) = -3*w - 2. Let q be x(-4). Calculate the greatest common divisor of l and q.
10
Let l = 13 + -3. Let h(b) = b**2 - 4*b. Let y be h(5). Let q = l - y. What is the greatest common divisor of q and 30?
5
Let g(c) = -c**3 - 8*c**2 + 7*c + 4. Let h be g(-9). What is the highest common factor of 66 and h?
22
Suppose -j - 6 = -4*j. Suppose -o - 3*k + 13 = -k, -2*k + 8 = 0. Calculate the highest common divisor of j and o.
1
Let f = -21 - -12. Let u be 35 + f/(2 - 5). Let s(r) = -5*r - 1. Let a be s(-4). Calculate the highest common divisor of a and u.
19
Suppose -j + 0*j - 11 = -2*t, -2*t - 24 = 4*j. Let m(p) = p**2 + 7*p + 4. Let h be m(j). Calculate the greatest common factor of h and 8.
4
Let d(m) = -m**3 + 5*m**2 + m + 6. Let k be d(5). Suppose -y + 5 = -k. Calculate the greatest common factor of 8 and y.
8
Let j = -19 + 33. Suppose 2*k = 34 + 6. Let m = k - j. What is the greatest common divisor of m and 2?
2
Let k be (6 + -9)*1/(-3). Let u(s) = 21*s**2 - 1. Let n be u(k). Calculate the highest common divisor of 100 and n.
20
Let z(g) = -10*g - 6. Suppose 3*v + 8 = v + f, 25 = -3*v - 5*f. Let q be z(v). What is the highest 